3 - -2).
3
Calculate -3 + 0 + (7 - -1).
5
-2 + 0 + (11 - 6) + 3
6
(-8 - -2) + 3 - -7
4
Calculate -9 + (10 - 0) - -5.
6
Calculate -6 + (2 - 2) - -6.
0
What is the value of 4 + -17 + 5 - -13?
5
Calculate 5 - (1 + 10) - -8.
2
13 - (5 - (4 + (1 - 6)))
7
Evaluate -11 + (3 - (9 - 21)).
4
What is the value of -1 - (0 + (8 - 4)) - -4?
-1
What is the value of -1 - 6 - (-37 - -36)?
-6
What is 9 + -6 + (-1 - 3)?
-1
What is -6 - (-1 - (6 - (1 - -2)))?
-2
2 - (1 + -2 + -4 + 1)
6
-8 - ((12 - (3 + 1)) + -24)
8
What is the value of -7 - (-2 + 2 + -11 + 5)?
-1
Evaluate 4 + -5 + 9 + -2.
6
What is -8 + (3 - -1) + 3?
-1
What is 7 - (-2 + (-1 - (-5 - 0)))?
5
Evaluate (-1 - (4 + -2)) + 0.
-3
What is 0 + 0 + (4 - (-3 - -2))?
5
Evaluate 6 + 2 + -2 - (101 + -94).
-1
What is -11 + (9 - 8) + 2?
-8
Calculate 9 + (-8 - (-4 - -1)).
4
What is the value of 4 + -1 + 1 + -23 + 20?
1
What is (7 - -1) + -2 + -13 + 11?
4
What is -1 - -7 - 8 - (1 + 3)?
-6
0 + -5 - (-7 + (-4 - -7))
-1
What is the value of 2 + (0 - 1) + -3 + 1?
-1
What is the value of -89 + 88 + -2 + -1 + 2?
-2
(0 + 4 - 3) + (37 - 45)
-7
What is the value of -2 - (2 + 0 + -4)?
0
Calculate 4 - (12 - (-3 - -5)).
-6
6 + 4 + 6 + -16
0
(-1 - 7) + (85 - 85)
-8
Evaluate -3 - (0 + -2) - -6.
5
(-1 - -2) + 6 - 6 - 6
-5
What is the value of -5 + 2 + -4 + 7?
0
Evaluate -3 + 2 + (3 - 3).
-1
What is the value of -1 + 1 + -6 + (2 - -3)?
-1
2 + -11 + (4 - -4)
-1
Evaluate -3 + (-1 - (6 + -13)) + -3.
0
Evaluate -7 + (0 - -6) + -4.
-5
0 + -2 + 8 + -24 - -8
-10
-3 + -2 + 2 + 3 - -3
3
What is -6 - (4 + -6) - -9?
5
0 - 2 - (19 - 18) - -1
-2
What is -3 + (-5 - (4 + -10))?
-2
Calculate -2 + -5 + 0 + -1 + 2.
-6
Evaluate 1 - (-6 - -2) - 2.
3
What is the value of -3 + 7 - 6 - (-5 - 1)?
4
What is (-4 - -1) + -6 + (-14 - -20)?
-3
Calculate 0 - (2 + -3) - (-226 - -230).
-3
What is 10 + -12 + -2 + 8 - 0?
4
Evaluate (-16 - -25) + 0 + -2.
7
What is -65 + 71 + -2 + 3 + 2?
9
Calculate -3 + -11 + 15 - -4.
5
Calculate -2 - ((-1 - 1) + (2 - 2)).
0
What is 9 + 2 + -6 - (1 + 2)?
2
What is the value of 0 + (5 - 2) + -2 + 1?
2
Calculate -7 - (4 + (-6 - 1)).
-4
What is 10 + (0 - 6 - -4)?
8
(4 + -6 - -3) + 4
5
(-4 - (-2 + 2)) + 2
-2
Calculate -3 + (-1 - (-4 - -4)).
-4
What is -10 + 16 + -2 + -6 - 3?
-5
What is 0 + -1 + 5 - 9?
-5
What is the value of 2 + (1 - 2) + (-6 - -5)?
0
What is the value of (7 - (-2 + -1)) + -6?
4
Calculate 8 - (3 + 2) - 6.
-3
Evaluate -5 - ((39 - 34) + -3 + 0).
-7
Calculate 6 + 8 + -10 + (-8 - 1).
-5
Calculate (-2 - 0) + (28 - 11 - 10).
5
What is the value of -5 + (1 + -4 - -4)?
-4
(1 - -2) + -2 - (2 + -1)
0
10 + -8 + -7 + 3
-2
Evaluate 8 + 1 + -3 + -13.
-7
1 + 3 + 3 + -2
5
2 + 2 + -6 + (4 - -3)
5
Evaluate -5 + (1 - -5) - (-1 - -7).
-5
What is the value of 3 + -4 + -7 + 3?
-5
Calculate -4 + 1 + (-2 - -6) + 6.
7
-1 + -11 - (-6 - 3)
-3
What is the value of 0 + -3 + (6 - 0)?
3
What is the value of (-11 - -13) + (-7 - -2)?
-3
What is the value of (-2 - (1 + 0)) + 2?
-1
-1 + 1 - (7 - (8 - -4))
5
Evaluate -1 - 8 - -6 - -5.
2
What is -4 + -4 - (-2 - -2)?
-8
Calculate (-2 - -2) + 2 + -3 - -3.
2
-12 + 22 + (-8 - 6)
-4
0 + -2 - -2 - (3 + 0)
-3
Calculate (0 - 1) + (-8 - -9).
0
Evaluate (0 - 10) + 8 + 8.
6
What is -1 - 1 - (-2 + 5)?
-5
What is 7 + 1 - (2 + 4)?
2
What is -5 - (1 + (-4 - -1 - -2))?
-5
2 + -5 + (-7 - (-1 - 9))
0
Evaluate -2 + 0 - (-8 - (-6 - -5)).
5
What is (1 - (-4 + -2 - -4)) + -2?
1
Calculate 6 - (4 - 1) - (-3 + 3).
3
-7 + 6 - (0 + 1 - -1)
-3
Calculate -3 - 2 - (2 - (6 - 0)).
-1
What is the value of -3 + 7 + -1 + -5?
-2
Calculate -2 - (-1 + -6 - (0 + -5)).
0
What is 4 + -2 + -3 + (0 - 2)?
-3
What is 16 - 14 - (2 + -7)?
7
What is 11 - (12 + 0 + 4)?
-5
Calculate 2 - 6 - (6 - 6).
-4
Evaluate -4 - -3 - (1 - 0).
-2
Evaluate -2 + 6 + 2 + -7 + -4.
-5
What is the value of -10 + (22 - (0 - -9))?
3
Calculate (-1 - 7 - -9) + 0.
1
Calculate -7 - -10 - -2 - 7.
-2
-4 - (-3 + 8 - (0 - -6))
-3
What is -1 - (3 + (-5 - 1) + 4)?
-2
Evaluate (1 - 9) + 0 + (-15 - -20).
-3
What is (0 - 3) + (-1 - 1 - -10)?
5
What is the value of 6 + -16 - (3 + -9)?
-4
Calculate 2 + -1 + (32 - 15) + -16.
2
Calculate -6 + 7 + -8 + 2 + 2.
-3
Evaluate 1 - (1 + (-6 - -5)) - 2.
-1
What is the value of -15 - -16 - (-3 + -2)?
6
What is the value of (-2 - ((-2 - 1) + 3)) + -5?
-7
What is 5 + (-3 - -1 - (-8 - -14))?
-3
Evaluate -3 + (10 - 8) - (-2 - -2).
-1
Evaluate (6 - (-2 - -5)) + -3.
0
What is the value of -7 + 2 + 9 + 1 - 0?
5
What is the value of -6 + -5 + -1 + 3 + 11?
2
Calculate 3 - (7 + -2 - 3 - 4).
5
What is -2 - (0 + 7 + -7)?
-2
What is the value of (-9 - (11 - 21)) + 4?
5
(3 - 5) + 2 - -6
6
Calculate 5 + -11 + 6 + (1 - 0).
1
What is the value of -9 + 5 + -1 + 2?
-3
What is -1 + (2 - -1) - (6 - 5)?
1
What is the value of -1 + (-5 - -4) - 1 - -4?
1
What is 1 - (3 + -3 + 1) - -7?
7
What is (-5 - -15) + 17 + -28?
-1
3 + -5 + 1 + -1
-2
What is the value of -10 + 3 + 10 + -8 + 0?
-5
What is the value of 2 - (-1 + 2) - (3 + 2)?
-4
What is -8 + 5 + 3 + 1?
1
-2 - -1 - (4 + (5 - 7))
-3
What is (6 - (5 + -1)) + 1?
3
What is -4 - (1 + 2 - 2)?
-5
Calculate (-7 - -1) + (-10 - -11).
-5
Calculate -15 + 0 + -3 + -8 + 18.
-8
What is -5 + 13 + -5 + -4 + 1?
0
Evaluate -3 - 3 - (-6 - (1 - 4)).
-3
-1 + 4 + (2 - 2) + -6
-3
What is (1 - (-1 - -5)) + (-5 - -9)?
1
-5 + 0 - (-3 + 1)
-3
2 + (2 + -2 - 2) + 5
5
Calculate -2 + 3 - (-1 - 1 - 0).
3
Evaluate 7 + (-8 - ((-3 - 3) + 2)).
3
Evaluate -2 + -6 + (14 - 3).
3
Calculate -3 - (2 + -3) - 0.
-2
-4 - ((-2 - (-3 - -6)) + -1)
2
Evaluate 0 + 0 + (118 - 124).
-6
Evaluate 1 - (4 - 1 - (1 + 4)).
3
What is the value of -3 - (2 + 7 + -9 + 5)?
-8
What is 4 + 5 + (-5 - 5)?
-1
What is the value of -3 + (5 - (0 - -4)) - 0?
-2
What is the value of (7 + 1 + -5 - -4) + -7?
0
What is -14 + (10 - (0 + -5))?
1
Evaluate 0 + -5 + 3 + 2.
0
What is the value of (-1 - -1) + -2 + -3 + 4?
-1
What is -8 + (6 - (9 + -6) - 1)?
-6
What is the value of -4 + 5 + (5 - 1)?
5
Calculate 42 + -36 - (8 + (-1 - -2)).
-3
What is the value of -2 - (-6 + 0 + 0)?
4
Evaluate 4 - (-1 + (2 - (3 + -2))).
4
7 + -1 + 0 + -2 - 1
3
What is the value of -2 - 16 - (-2 + -9)?
-7
Calculate 7 + (-6 - (-6 - -1)) - -2.
8
What is the value of 25 + -21 - (5 + 0)?
-1
Evaluate -4 + (0 - -15) + -6.
5
What is -5 + (1 - -8) + -4?
0
Evaluate 16 + -17 - (3 - 0).
-4
1 + -4 - (-7 + 1 + 1)
2
What is the value of 22 + -27 + 3 + 6 + -1?
3
Evaluate -5 - (0 - 3) - (0 - 2).
0
What is the value of 0 + -13 - (-8 + 0)?
-5
Calculate -4 + 1 - (-6 + (4 - -1)).
-2
What is -1 - (13 - 4 - 8)?
-2
What is 0 + 4 + -8 - -6?
2
Evaluate (9 - 5) + -2 + -2 + -3.
-3
Calculate 1 - (-24 + 13) - (6 - 0).
6
(3 - 0) + (-2 - (-2 + -2))
5
Evaluate 1 + 2 - 1 - (7 - 4).
-1
Evaluate 1 - (1 + 1) - (0 + -4).
3
What is the value of -8 - (-1 + 0 + 0) - -4?
-3
What is 1 + -4 + 3 + -1 + 1?
0
(-8 - (3 - 10)) + 4
3
2 + -1 + 0 + -3
-2
-13 - -12 - ((6 - 3) + 3)
-7
What is -4 - 8 - (-13 - -4)?
-3
Evaluate (-2 - (-1 - (-3 - 0))) + -1.
-5
What is 3 + -13 - (-1 + -6)?
-3
What is the value of 3 - 9 - (-3 + -9) - 8?
-2
5 - (2 + (2 - 0))
1
Calculate 1 + -1 + -69 + 65.
-4
Evaluate 0 - -3 - (3 - (-4 + -1)).
-5
Evaluate -5 + (2 - -1 - (-3 + 3)).
-2
What is 18 - 8 - (6 - 4)?
8
Evaluate -9 - (-3 + 4 + -5 + -1).
-4
What is the value of 11 - 13 - (0 - -1)?
-3
What is -1 + -1 + -4 + 1?
-5
Calculate 4 - (-3 - -5 - -3).
-1
What is 1 + 4 + 0 + -8?
-3
What is 0 - (4 + -1 + 3 + 0)?
-6
0 + 9 + -2 + (-36 - -35)
6
What is -5 + (-3 - (1 - 4))?
-5
Calculate -6 + -6 + 6 - -3.
-3
Evaluate -3 - (-6 - (-5 - (1 - 3))).
0
What is the value of -1 + 8 + 22 + -34?
-5
Calculate -3 + (0 - (16 + -11)).
-8
What is the value of 5 + -8 - -7 - 5?
-1
What is -10 - -1 - ((2 - 3) + -3)?
-5
Evaluate (15 - -9) + -14 - 15.
-5
Evaluate 6 + -14 + 5 + -1.
-4
Calculate -4 - (-2 - -4) - -10.
4
Calculate -3 + 1 + 4 + 1 - 1.
2
Evaluate 9 + -1 + 0 + -6 + -6.
-4
What is the value of -13 - (-12 - (-13 + 10))?
-4
7 - (-13 + 20) - 9
-9
What is (-3 - -6) + (-12 - -1) + 4?
-4
Evaluate 1 - (3 - (4 + 0) - -3).
-1
Evaluate 2 + -7 - (5 + 5 + -7).
-8
What is 7 - (-8 + 10 + 0 + 1)?
4
What is 0 + (4 - (4 - 2)) - -2?
4
What is -6 + 6 + -1 + 4 + -2?
1
Evaluate -3 - (-7 + -9 + 5).
8
-8 + (8 - 10) - -11
1
What is 0 + 7 + (-8 - -20 - 12)?
7
Calculate 8 + 2 + -13 - -5.
2
What is (0 - (5 - 7) - 5) + -1?
-4
-12 - (-1 - -5 - (8